ighest common factor of 1312 and 4567072?
1312
Calculate the highest common factor of 567959 and 346.
173
Calculate the greatest common factor of 8667 and 432.
27
What is the highest common factor of 122700 and 1?
1
What is the highest common factor of 216 and 1710?
18
Calculate the highest common divisor of 3744 and 240786.
234
Calculate the highest common divisor of 300 and 116925.
75
Calculate the greatest common divisor of 188 and 2077541.
47
What is the greatest common factor of 36372 and 582?
6
What is the greatest common divisor of 259461 and 1362?
681
What is the greatest common divisor of 1140 and 826766?
38
Calculate the greatest common factor of 10593 and 8988.
321
Calculate the highest common factor of 135 and 8445.
15
Calculate the highest common divisor of 48 and 576024.
24
What is the greatest common factor of 48 and 16176?
48
What is the greatest common divisor of 70 and 403330?
10
Calculate the highest common divisor of 109566 and 54.
54
Calculate the greatest common factor of 8910 and 122100.
330
Calculate the highest common divisor of 283896 and 216.
72
Calculate the greatest common divisor of 814 and 5764.
22
Calculate the greatest common factor of 10833 and 56991.
471
Calculate the greatest common factor of 4750 and 119890.
190
Calculate the highest common factor of 640360 and 56.
56
What is the greatest common factor of 615227 and 529?
529
Calculate the greatest common divisor of 98 and 344323.
49
What is the highest common divisor of 619002 and 324?
162
What is the greatest common factor of 170097 and 708?
177
What is the highest common factor of 2227 and 80257?
17
What is the greatest common divisor of 1128187 and 29?
29
What is the highest common divisor of 18 and 8703?
9
What is the greatest common divisor of 9495 and 4815?
45
Calculate the greatest common divisor of 9331 and 7697.
43
Calculate the greatest common factor of 44 and 185218.
22
What is the highest common factor of 54 and 2177712?
54
What is the highest common factor of 810 and 366?
6
What is the highest common factor of 60866 and 1?
1
Calculate the highest common divisor of 30 and 46750.
10
Calculate the greatest common factor of 4163147 and 17.
17
Calculate the greatest common factor of 3984 and 8016.
48
What is the greatest common divisor of 92 and 2921?
23
What is the greatest common factor of 3616 and 1952?
32
Calculate the greatest common factor of 291746 and 56.
14
Calculate the greatest common divisor of 78679 and 1886.
41
Calculate the highest common factor of 2176 and 476.
68
Calculate the greatest common factor of 161 and 281681.
23
Calculate the highest common divisor of 4928 and 68299.
77
Calculate the greatest common divisor of 998 and 2346298.
998
What is the greatest common factor of 90 and 403335?
45
What is the greatest common divisor of 664824 and 48?
24
What is the greatest common divisor of 4466937 and 102?
51
What is the highest common factor of 139441 and 895?
179
What is the highest common divisor of 249 and 35275?
83
What is the greatest common divisor of 2592 and 11808?
288
Calculate the greatest common divisor of 612 and 358200.
36
What is the highest common factor of 5552 and 592?
16
Calculate the highest common divisor of 930848 and 1824.
608
Calculate the greatest common divisor of 46 and 1714972.
46
Calculate the greatest common factor of 253 and 5357.
11
What is the greatest common divisor of 84778 and 1649?
97
Calculate the highest common divisor of 20 and 43468.
4
What is the greatest common factor of 421596 and 72?
36
Calculate the highest common factor of 598 and 61373.
13
What is the highest common factor of 184882 and 32402?
1906
What is the highest common factor of 7432 and 256?
8
Calculate the highest common divisor of 180069 and 5211.
579
What is the highest common divisor of 34 and 44081?
17
What is the highest common divisor of 6344423 and 19?
19
What is the highest common factor of 750 and 1530?
30
What is the greatest common divisor of 9703 and 124?
31
What is the highest common divisor of 7510 and 2993486?
1502
Calculate the highest common divisor of 6968 and 1976.
104
What is the highest common factor of 2176 and 112?
16
What is the highest common divisor of 3348 and 1426?
62
Calculate the greatest common factor of 327 and 886933.
109
Calculate the greatest common factor of 13148 and 4484.
76
What is the greatest common divisor of 14065 and 4060?
145
What is the greatest common divisor of 832 and 57096?
104
What is the greatest common factor of 126054 and 92214?
846
Calculate the greatest common factor of 2214 and 13824.
54
Calculate the greatest common factor of 238 and 32.
2
Calculate the highest common divisor of 4774 and 4334.
22
What is the greatest common divisor of 13150 and 153592?
526
What is the greatest common divisor of 778561 and 196?
49
Calculate the greatest common divisor of 374663 and 102.
17
Calculate the greatest common factor of 49 and 22981.
49
What is the greatest common factor of 25596 and 316?
316
What is the greatest common factor of 564235 and 280?
35
Calculate the highest common factor of 79101 and 1309.
187
What is the highest common factor of 6 and 170823?
3
Calculate the greatest common factor of 648 and 19872.
216
Calculate the highest common factor of 550 and 92312.
22
What is the greatest common divisor of 101 and 4520053?
101
Calculate the greatest common divisor of 1786 and 658.
94
What is the highest common factor of 43 and 1760807?
43
Calculate the greatest common divisor of 53 and 290599.
53
Calculate the highest common factor of 6424 and 1460.
292
What is the highest common factor of 4730 and 2795?
215
What is the highest common factor of 388 and 5616106?
194
What is the greatest common factor of 650775 and 50?
25
Calculate the greatest common divisor of 10716 and 1140.
228
What is the greatest common factor of 1215 and 6690?
15
Calculate the greatest common divisor of 9375 and 594375.
1875
Calculate the greatest common divisor of 14941 and 2144.
67
Calculate the greatest common divisor of 9 and 1060929.
9
What is the highest common factor of 3216 and 6288?
48
What is the highest common divisor of 150 and 140575?
25
What is the highest common factor of 30192 and 1428?
204
What is the greatest common divisor of 4183360 and 1088?
1088
What is the highest common divisor of 31993 and 26?
13
Calculate the greatest common factor of 31412 and 28.
4
What is the highest common factor of 4 and 422894?
2
Calculate the highest common factor of 1 and 23809.
1
What is the greatest common factor of 1204 and 14588?
28
Calculate the highest common divisor of 391584 and 96.
96
What is the greatest common factor of 43 and 4434289?
43
What is the greatest common factor of 691353 and 4665?
933
What is the highest common factor of 156 and 324372?
12
What is the greatest common divisor of 17 and 4148153?
17
What is the highest common divisor of 6431933 and 67?
67
Calculate the greatest common divisor of 3534 and 4161.
57
What is the highest common divisor of 8119 and 6707?
353
Calculate the highest common factor of 102 and 57188.
34
What is the greatest common factor of 3684 and 53460?
12
What is the greatest common divisor of 12166 and 286?
22
Calculate the highest common divisor of 134288 and 11858.
154
Calculate the greatest common divisor of 537 and 10097211.
537
Calculate the greatest common factor of 19287939 and 669.
669
What is the greatest common divisor of 8364 and 2476?
4
What is the highest common factor of 19 and 769?
1
What is the greatest common divisor of 589 and 133?
19
What is the highest common factor of 20165 and 555?
185
Calculate the highest common divisor of 94046 and 7670.
118
What is the greatest common divisor of 4 and 2766624?
4
Calculate the highest common factor of 100 and 283550.
50
Calculate the highest common factor of 99 and 140228.
11
What is the greatest common divisor of 74 and 550782?
74
Calculate the highest common factor of 891 and 8476677.
297
What is the highest common factor of 4000 and 1031000?
1000
What is the highest common divisor of 84250 and 225?
25
Calculate the highest common divisor of 102 and 1202478.
102
What is the greatest common factor of 210 and 57575?
35
Calculate the highest common factor of 1035923 and 415.
83
Calculate the highe